 13. Calculate q(-6).
1
Let d(w) be the third derivative of -1/24*w**4 + 8/3*w**3 - 25*w**2 + 0*w + 0. What is d(12)?
4
Let h(k) = 2*k**3 - k**2 - 2*k. Let j = -245 + 471. Let c = j - 228. Give h(c).
-16
Suppose 10 = -5*i - 5*n, -3*i - 787*n = -789*n - 14. Let v(t) = 5*t**3 - 4*t**2 + 3*t - 2. Determine v(i).
28
Let j(b) = -13*b**2. Suppose -3*t = -l - 5 - 5, 10 = 4*t + 2*l. Suppose -2*f = -5*q + 9, -t*q - 8*f + 4*f = 5. Determine j(q).
-13
Let t(m) = m**3 - 19*m**2 - 19*m - 31. Let a(g) = g**3 - 13*g**2 + 41*g + 12. Let o be a(8). Determine t(o).
-11
Let b(k) = -k**2 - 13*k + 44. Let x(i) = -4*i**2 - 51*i + 182. Let g(v) = 9*b(v) - 2*x(v). Calculate g(-17).
-2
Let n(m) = -25*m - 20. Let f(p) = -44*p - 37. Let y(t) = 3*f(t) - 5*n(t). What is y(-13)?
80
Suppose -5*t - 14 - 11 = 0. Let g be t + 1/2*2. Let i(y) = 5*y**2 + 2*y + 4. Let a(x) = 22*x**2 + 7*x + 16. Let n(c) = -2*a(c) + 9*i(c). Give n(g).
4
Let s(z) be the second derivative of -z**6/120 - z**5/15 - 5*z**4/24 - z**3/2 - 11*z**2/2 + 40*z. Let c(y) be the first derivative of s(y). Calculate c(-3).
3
Let b(d) = d**3 + 3*d**2 - 2. Suppose -15*u - 40 = -10 + 15. Determine b(u).
-2
Let m(x) = 4*x + 88. Let o(u) = -66*u - 154. Let d be o(-2). Give m(d).
0
Let v(r) be the third derivative of r**6/120 - r**5/30 - 23*r**4/12 + 4*r**3/3 - 62*r**2 + 7*r. Determine v(-6).
-4
Suppose 195*i + 50 = 220*i. Let l(v) be the third derivative of 1/12*v**4 - 1/6*v**3 - v**2 + 0*v - 1/30*v**5 + 0. Give l(i).
-5
Let v(x) = -14*x**2 + 12*x - 6. Let r(m) = -5*m - 2*m + 4 + 12*m**2 - 4*m. Let h(o) = 6*r(o) + 5*v(o). Determine h(5).
14
Let b(c) = -2*c**2 - 4*c. Suppose -4*f + 20 = -4*u, -3*f + 8*f - 25 = 4*u. Suppose -4*h - 5*j - 32 = 0, 3*h - f*j = 14 - 3. What is b(h)?
-6
Let k(l) be the first derivative of -7*l**2/2 - 50*l + 1708. Calculate k(-4).
-22
Let l = 2553 + -2557. Let s(z) = -z - 4. Give s(l).
0
Let k(l) be the second derivative of l**6/180 + 7*l**5/120 - l**4/6 - l**3/3 - 70*l**2 - 158*l. Let s(r) be the second derivative of k(r). Calculate s(-4).
0
Let l(g) be the second derivative of -g**6/144 - g**5/30 + 13*g**4/4 - g - 18. Let a(v) be the third derivative of l(v). Determine a(4).
-24
Let n(y) = -2*y**2 + 5*y + 1. Suppose p - 13 = 4*z, 0 = 4*z + 1 + 7. Give n(p).
-24
Let w = 1352 - 756. Let v(t) = 3*t + t + w - t - 603. Determine v(4).
5
Let b(t) = 5*t - 121. Let r = -15938 + 15964. Give b(r).
9
Let h(f) be the second derivative of -1/2*f**2 + 233*f + 1/12*f**4 + 0 + 2/3*f**3. Determine h(-5).
4
Let g(v) = -316*v**2 + 2*v + 101*v**2 + 104*v**2 + 106*v**2 - 1. Let u = 8 + -5. Suppose -4 = u*m - 5*m. Determine g(m).
-17
Let z(l) = 4*l**2 - 13*l - 1. Let u(s) = -111*s - 662. Let r be u(-6). Calculate z(r).
11
Let j be 13/(3 + -2) - (-12 - (-38 - -17)). Let z(o) = -o**2 + 10*o - 4. Let c(y) = y. Let w(r) = -6*c(r) + z(r). Give w(j).
-4
Suppose -5 = 3*l - 2*l. Let q(f) = 5*f**2 + 9*f - 7. Let c(n) = -12*n**2 - 18*n + 18. Let j(g) = 2*c(g) + 5*q(g). Calculate j(l).
-19
Let r(t) = t**3 - 3*t**2 - t - 6. Let y be r(4). Suppose 0 = 2*q - 34 + y. Let n(k) = k**3 - 15*k**2 + 14*k + 3. Determine n(q).
3
Suppose 13*n - 240 = 25*n. Let b be (-105)/10*n/(-15). Let p(v) = 2*v + 20. Determine p(b).
-8
Let d(w) = 3*w - 39. Let p(b) = 21*b - 230. Let i(t) = 17*d(t) - 3*p(t). Calculate i(6).
-45
Let r(j) = 3*j + 76. Let s(d) = -15*d - 408. Let y(f) = -11*r(f) - 2*s(f). Let c be 2/(-9)*-12*-3. Determine y(c).
4
Let n(t) be the first derivative of t**6/360 - t**5/15 - t**4/4 + 98*t**3/3 - 15. Let b(c) be the third derivative of n(c). Give b(9).
3
Let q = 186 + -192. Let s(p) = -p**2 - 4*p - 10. Let m(i) = i - 1. Let y(a) = -m(a) + s(a). Determine y(q).
-15
Let i(l) = 2*l**2 + 3*l - 1. Let k(q) be the third derivative of q**5/20 - 3*q**4/4 - q**3/2 + 5*q**2. Let f be k(6). Determine i(f).
8
Let a(r) = -r**3 + 15*r**2 - 2*r + 2. Let i(t) = -5*t**3 + 78*t**2 - 27*t + 26. Let n(j) = 4*a(j) - i(j). Calculate n(17).
16
Let d(p) = -5*p**3 - p**2. Let l be d(-1). Let o = 34 + -34. Let w(b) = o - 4*b - b**2 + 9 + 2*b**2 - 3. Give w(l).
6
Let o(l) be the second derivative of -10 - 5*l + 1/6*l**3 + 3*l**2. Calculate o(0).
6
Let p(w) = 2*w + 54 + 61 - 116 + 53. Let b be p(0). Let q(a) = -a + b - a - 53. Give q(-3).
5
Let z = -7 - -12. Let y(x) = -x**3 - 6*x**2 + 26*x + 162. Let h be y(-5). Let p(q) = h*q + z*q - 10*q + 3*q. What is p(-1)?
-5
Let h(m) = 451 - 7*m**2 - 450 - 36*m**3 + 34*m**3 + m. Give h(-3).
-11
Let k(i) = i**2 + 3*i - 84. Let f be k(8). Suppose -11 = 3*w - 4*n + 12, f*w - 4*n + 24 = 0. Let p(o) = -o**3 - o. Calculate p(w).
2
Let i(l) = -l**2 + 2*l - 1. Let r(v) = -3*v**2 + 4*v - 1. Let s(b) = 7*i(b) - 4*r(b). Suppose 82*x + 100*x = 168*x - 14. Give s(x).
4
Let z(r) = 58*r - 1562. Let c be z(27). Let f(j) be the first derivative of j**2 + 1/4*j**c + 12 + 10*j + 7/3*j**3. Give f(-7).
-4
Let f(j) = -j**2 - 6*j + 45. Let i = -694 - -698. What is f(i)?
5
Let t = 545/42 - 177/14. Let x(w) be the second derivative of 0 - 17*w - w**2 - t*w**4 - 1/20*w**5 + 5/6*w**3. Calculate x(-5).
-2
Suppose -3*c = l - 14, 18*l - 7*c + 90 = -4*c. Let u(b) be the first derivative of 2*b**3/3 + 5*b**2/2 - 2. What is u(l)?
12
Let y(k) = -15*k**2 - 2*k - 2. Let a(h) = -6*h**3 + 88*h**2 + 6*h + 8. Let j(w) = a(w) + 6*y(w). Determine j(-1).
6
Let w(x) = x**2 - 63 + 32 - 15*x + 9*x + 36. What is w(6)?
5
Let h(u) = -6*u**2 + 8*u + 10. Let f(x) = 5*x**2 - 8*x - 10. Let n(k) = 5*f(k) + 4*h(k). Let y be (1161/(-99) + 12)/((-2)/(-66)). Determine n(y).
-1
Let r(c) be the third derivative of c**4/24 + c**3/6 - c**2. Suppose -1160 = 2*w + 5*j, -2*w - 5*j + 1740 = -5*w. Let p = w - -577. Calculate r(p).
-2
Let t(m) = 15*m + 8. Let l(b) = -12*b - 10. Let a(g) = 5*l(g) + 6*t(g). What is a(1)?
28
Let p(x) be the first derivative of 3*x**2/2 + 7*x - 12466. Give p(-3).
-2
Let r = 512 - 524. Let h be (r/(-36))/(2/90). Let p(s) = s**2 - 17*s + 34. Calculate p(h).
4
Let h(y) = -5*y + 1. Suppose 4*c = 12, -3*i = i + c + 5. Let v be i/((-4)/(-3))*(-7 - -9). Give h(v).
16
Let l(c) = -440131 + 880188 - 440376 + 3*c**2 - 3*c**2 + 2*c + c**2. Determine l(-19).
4
Let j(z) = -z**2 - 584*z - 4044. Let t be j(-7). Let r(p) = -9*p - 18. Determine r(t).
27
Let m(o) be the second derivative of o**4/12 - o**3/3 + 3*o**2/2 - 1844*o. What is m(4)?
11
Suppose 5*t = 2*o + 147, 2*t - 7*t - 3*o = -167. Let m(y) = -5*y + 41 + t - 61. Calculate m(5).
-14
Let k be 3/3 - (8 + -4) - -10. Let r(w) = w**2 - 17*w + 65. What is r(k)?
-5
Let a(w) = 171*w + 272. Let r be a(-5). Let z = r - -580. Let v(d) = 6*d + 1. Give v(z).
-17
Let s be (-9)/(18/(-4) - -3). Let l = 1 + s. Let k(p) be the second derivative of p**3/6 - 3*p**2 + 75*p + 1. What is k(l)?
1
Let r(h) = 3*h**2 + 25*h - 46. Let g(b) = 2*b**2 + 27*b - 44. Let w(i) = -4*g(i) + 3*r(i). Determine w(32).
6
Let r(t) = -t + 25. Let w be r(-9). Let b = 28 - w. Let q(u) be the first derivative of -u**4/4 - 7*u**3/3 - 3*u**2 + 6*u + 4. What is q(b)?
6
Let z(k) = -k - 8. Let w(c) = 2*c**3 - 15*c**2 + 5*c + 6. Let g be w(7). Let v be 5/20*-23 - (-2)/g. Calculate z(v).
-2
Suppose -819 = -a - 12*a. Let h(t) = 18 + 59*t + a*t - 121*t. Calculate h(-13).
5
Let t(w) = 14*w**2 - 134*w + 102. Let f(d) = -5*d**2 + 46*d - 35. Let y(p) = 17*f(p) + 6*t(p). Give y(-27).
-118
Suppose 3*i = 5*a - 2*a + 636, 0 = -3*a - 12. Let t = 198 - i. Let v(r) = 2*r + 21. What is v(t)?
1
Let v(n) = -n**2 + 5*n - 8. Let a(u) be the first derivative of 13*u**2/2 + 108*u - 199. Let k be a(-8). What is v(k)?
-4
Let z(a) = a**3 - 5*a**2 - 6*a + 6. Let n = -21 - -38. Suppose 12 = -n*f + 114. Calculate z(f).
6
Let y(k) = -k**3 + 3*k**2 + 4*k - 1. Let l = -37 + 22. Let z be (3 - 6) + l/(-3). Suppose -c - 7 = -3*b, -3*b - 1 = -3*c + z. Give y(b).
-1
Let d(q) = 938*q - 6. Let h be d(1). Let p = h + -938. Let x(a) be the third derivative of a**5/60 + 5*a**4/12 + 3*a**3/2 - a**2. Calculate x(p).
-15
Let f(t) = t**3 - 75 + 66 + 30*t**2 - 29*t**2 - 7*t. Give f(-3).
-6
Let s = 3 + 6. Let n(q) be the second derivative of q**3/6 - 5*q**2 + 116*q - 2. Determine n(s).
-1
Let h = -58784 - -58778. Let p be (1 - 1) + -4 + 6. Let a(z) = -z**3 + 2*z + 1 - 7*z**2 + z**p + 2. Give a(h).
-9
Let y(n) = 1247 + 1200 + 5*n - 2443. Let w = 0 - 2. Determine y(w).
-6
Let c(a) = 2*a + 2. Let q(n) = 